8)/((-2)/3). Suppose -21 = -r*u + u. Calculate the remainder when y is divided by u.
4
Let v(g) = 2*g**2 - 18*g + 9. Let m = -12 - -14. Calculate the remainder when ((-8)/(-16))/(m/132) is divided by v(9).
6
Suppose 3*p + z - 364 = 0, 2*z = 5*p + 6*z - 609. Suppose -2*x - p = -8*n + 3*n, 0 = -n + 2*x + 21. Calculate the remainder when 73 is divided by n.
23
Calculate the remainder when 7/(98/180 + (-112)/252) is divided by 37.
33
Let l(f) = -f**3 + 14*f**2 + 10*f + 1. Let j be l(13). Suppose 2*z - j = -30. What is the remainder when z is divided by 35?
30
Let g be -1*(2 - (3 + -2)). Let x = 5 - g. Suppose 4*k + x = 62. Calculate the remainder when 40 is divided by k.
12
Let b(t) = 2*t - 3. Let x be b(2). Let q(g) = 25*g**3 + g**2 - 1. Let l = 2214 + -2205. What is the remainder when q(x) is divided by l?
7
Let s be 32/6 + 9/(-27). Suppose 5*l = 3*d, s*d - 3*l + 19 = -l. Let p(b) = -b**3 - 2*b**2 + 8*b + 4. What is the remainder when p(d) is divided by 20?
19
Let l(f) = -10 - f**3 + 0*f**3 + 278*f**2 - 8*f - 282*f**2. Calculate the remainder when 84 is divided by l(-4).
18
Let t(h) = h**2 - 4*h - 5. Let c be t(5). Suppose 5*j - 407 = -3*w, 10*w - 6*w - 16 = c. Calculate the remainder when j is divided by 28.
23
Let g = 1315 - 1304. What is the remainder when 1539 is divided by g?
10
Suppose 2*l + 2 = -0*l. Let d(n) = 4*n**2 - 12*n**3 - 4*n**3 - 3*n**2. Calculate the remainder when 66 is divided by d(l).
15
Let u = -7 - 19. Let f = -4 - u. What is the remainder when f is divided by 9?
4
Let j = -16 - -22. Let o be (4/j)/(3/(-9)). Let k(m) = -3*m**3 - 2*m**2 - 1. Calculate the remainder when k(o) is divided by 6.
3
Suppose 2*r = -7*r + 207. Suppose -9 = -4*o + 3. Suppose -30 = -3*l - 2*u + 14, -l + 24 = o*u. Calculate the remainder when r is divided by l.
11
Suppose -12*x + 47 = -11*x. Let f = -14 + 19. Suppose f*u + x = 5*m - 183, -5*u - 186 = -4*m. What is the remainder when m is divided by 15?
14
Let o(k) = -k + 5. Let p be o(0). Suppose -b - 5*f + 152 = 0, p*f = 3*b - 300 - 136. What is the remainder when b is divided by 37?
36
Let f(a) = 14*a**2 - 38*a + 106. Calculate the remainder when 363 is divided by f(3).
9
Suppose -264 = -101*k + 68*k. Suppose -3*d - 5*m = -6*d + 191, 5*m = 10. Calculate the remainder when d is divided by k.
3
Let n(y) = 3*y**2 - 2*y**2 + y - 3*y**2. Let k be n(4). Let o = -15 - k. What is the remainder when 51 is divided by o?
12
Suppose 3*o + o = 20. Let i(a) = 2*a**2 - 5*a + 5. Let b be i(o). Suppose 2*q - 20 = b. Calculate the remainder when q is divided by 9.
7
Let w(x) = 25*x + 8. Let p(n) = -n + 11. Let s be p(6). What is the remainder when w(s) is divided by 27?
25
Let i(u) = u + 15. Let p be i(-12). Suppose -2 = -p*a + 4. Calculate the remainder when 26 is divided by a.
0
Let p = 468 + -206. Let y = -11 - -64. What is the remainder when p is divided by y?
50
Let i = 730 + -545. Calculate the remainder when i is divided by 58.
11
Suppose 0 = -k + z - 2*z + 6, -2*k - 4*z = -4. Suppose 0 = -k*q + 4*q + 144. Let p(w) = 10*w - 5. Calculate the remainder when p(5) is divided by q.
21
Calculate the remainder when 178 is divided by ((-188)/(-12))/((-1)/(-3)).
37
Let p(u) = -u**2 + 12*u + 3. Calculate the remainder when 91 is divided by p(6).
13
Let f = -1429 - -1446. Calculate the remainder when (2*2)/2 + 30 is divided by f.
15
Suppose -5*u + 227 = x, -25 = 5*u + 5*x - 240. What is the remainder when 88 is divided by u?
42
Let g = -12 + 13. Let a be (5 + -2)/(g/3). Let n(z) = 6*z - 9. Calculate the remainder when n(a) is divided by 16.
13
Suppose -5*h + 504 = -h. Suppose -y + h - 52 = 0. What is the remainder when y is divided by 27?
20
Let n(u) = u**3 - 6*u**2. Let f be n(6). Suppose -5*d + v = -130, f*d - 5*v - 26 = -d. What is the remainder when d is divided by (-22)/(-55) - 33/(-5)?
5
Suppose -234 = 3*p + 165. Let y = 137 + p. What is the remainder when y is divided by (-3 + 1)*(-3)/2?
1
Suppose 0*g + 3 = 3*g. Suppose 0 = -5*z - 4*q + 228, z + 3*q - 24 = 26. What is the remainder when z is divided by (2 - 1)/(g/15)?
14
Let q(n) = -4*n - n**2 - 6*n + 32 - 45. Let w be q(-8). Suppose -2*y = w*a - 22, 3*y - 4*a = -0*y + 50. What is the remainder when 40 is divided by y?
12
Suppose 303 = -10*s + 1123. What is the remainder when 309 is divided by s?
63
Calculate the remainder when (-4)/54 + (-72881)/(-837) is divided by 55.
32
Let h(m) = -m - 3. Let b be h(2). Let l(w) = -w**3 - 5*w**2 - 6*w - 12. Suppose n - 30 = -2*n. What is the remainder when l(b) is divided by n?
8
Let k be 2*(-3)/8 - 54/(-8). Suppose k*g - 205 = g. Calculate the remainder when 81 is divided by g.
40
Let t = 42 - 11. Suppose d - 11 = t. What is the remainder when d is divided by 11?
9
Suppose 3*b - 19 = -5*w, 0 = -4*b + 5*b + 2. Let u = w - -4. What is the remainder when 33 is divided by u?
6
Let k(s) = s**2 - 7*s + 9. Let y be k(6). Suppose -3*w + 2*b = -204, y*w = -b + 174 + 30. Suppose 2*i = 6*i - w. What is the remainder when 66 is divided by i?
15
Let r(b) = -b**3 + 8*b**2 - 8*b + 6. Let j(w) = -w**3 + 15*w**2 + 5*w + 12. Let t = -23 + 38. What is the remainder when j(t) is divided by r(6)?
27
Suppose -42 + 53 = p. Calculate the remainder when 230 is divided by p.
10
Suppose -7*k + 93 + 26 = 0. Suppose 2*j - 1 = -3*m - 5, 3*j + 25 = 5*m. Suppose -m*s = -s - 32. Calculate the remainder when s is divided by k.
15
Suppose -5*j + 60 + 55 = 0. Let a be (6/(-4))/((-4)/936). Suppose 4*q - 5*w = a, -3*q + 3*w + 38 + 226 = 0. Calculate the remainder when q is divided by j.
20
Let d(n) = 2*n**3 - 9*n**2 + 7. Let x be d(6). Suppose -3*o = -u + 12 + 11, 0 = 5*u - 3*o - x. What is the remainder when 90 is divided by u?
21
Let x = -168 - -217. Let w = -20 + 262. Calculate the remainder when w is divided by x.
46
Let o(k) = -k**2 + 9*k + 25. Suppose 4*m + 2*q + 6 = 50, 0 = -5*q. What is the remainder when 30/(-3)*(-1)/2 is divided by o(m)?
2
Let s = 84 - 27. Suppose 0 = -3*d + s - 48. Suppose 7*o = 3*o - d*w + 89, 86 = 4*o + 2*w. What is the remainder when 97 is divided by o?
17
Suppose g + 16 = 81. Suppose -4*c = 3*t - 17, -2 + 4 = -2*t. Suppose -3*f = 2*x - 41, 3*x + 2*x = -c*f + 105. What is the remainder when g is divided by x?
21
Suppose -2*l - 4*k + 114 = 0, 5*l + 4*k = 172 + 101. Calculate the remainder when 317 is divided by l.
52
Suppose -4*y + 15 = 3. Suppose 0 = -d - d - y*n + 1, 0 = 2*d - 2*n - 6. Calculate the remainder when ((-39)/9)/(d/(-6)) is divided by 7.
6
Suppose -7*a - 1 - 209 = 0. Let v = 54 + a. What is the remainder when 46 is divided by v?
22
Suppose 3*s + w + 131 = 0, -5*s + w - 94 = 111. Let l = s + 61. Calculate the remainder when l is divided by 6.
1
Suppose 5 = -4*f - 15, -3*v = -2*f - 151. What is the remainder when 84 is divided by v?
37
Suppose 51 + 3 = 3*o. Suppose 5*n - f = 170, 79 = 3*n - 24*f + 28*f. What is the remainder when n is divided by o?
15
Suppose -110 = -9*d + 4*d. Let g(t) = 2*t**2 + 254*t - 321. Calculate the remainder when g(-129) is divided by d.
19
Suppose -5*s = -9*s + 452. Suppose -3*m + 49 = -s. Let f(n) = -n + 11. What is the remainder when m is divided by f(-3)?
12
Let n(j) = j**3 + 5*j**2 - 9*j - 20. Let x be n(-6). What is the remainder when 4 is divided by (-1)/x - (-5)/10?
0
Suppose 4*w - 46 = 2*w. Suppose 3*m + 531 = 3*a, -4*a + 2*m = -3*m - 704. Calculate the remainder when a is divided by w.
20
Suppose 2*u - 28 = -2*q, 3*u + q - 44 + 6 = 0. What is the remainder when (-486)/(-14) + 4/14 is divided by u?
11
Suppose 15*j - 17*j + 2*y = -146, -5*j - y = -395. Calculate the remainder when 701 is divided by j.
77
Suppose 0*h + 1122 = 6*h. What is the remainder when h is divided by 19?
16
Let o = 34 + -15. Suppose 13*p + 12 = 17*p. What is the remainder when ((-1 - -3) + p)*11 is divided by o?
17
Calculate the remainder when 137 is divided by (228/9)/((-24)/(-36)).
23
Let l = 22 + -24. What is the remainder when 2/(l/(-23)) + -7 + 5 is divided by 4?
1
Let h be -1 + -4*3/(-4). Suppose h*w + 26 = 4*w. What is the remainder when w is divided by (-4)/(-5)*(1 - -4)?
1
Let j(g) = 2*g**2 - 5*g - 4. Let m = 15 + 7. Calculate the remainder when j(8) is divided by m.
18
Let h(a) = a**3 - 5*a**2 - 13*a + 7. Calculate the remainder when 148 is divided by h(7).
8
Let y be 34/10 + 9/15. Suppose -2*x + 4 = -2